3 + 9*z**2 + 4*z + 10. Let l be 45/(-20)*2*1*2. Give k(l).
-26
Let z(v) be the second derivative of v**4/12 + 7*v**3/3 + 17*v**2/2 - v. Let u be z(-13). Let k(g) = -2*g**2 + 5*g + 2. What is k(u)?
-10
Let w(x) = -x**3 + x**2 - 2*x - 1. Let u(t) = -t**2 + 9*t - 9. Let i be u(7). Let z(k) = -i - 2*k - 3*k + 6*k. Let j be z(7). What is w(j)?
-9
Suppose -t + 2*k - 3*k + 3 = 0, k = 2*t + 3. Let x(s) = 2 + s - 3*s - 1 + t - 5*s**2. Give x(1).
-6
Let n(b) = -b**2 + b - 4. Let j(d) = d**2 + d. Let r(c) = 2*j(c) + n(c). Determine r(-3).
-4
Let d(h) = 10*h**3 - 1. Let j be d(1). Let k = -5 + j. Suppose -13 = q - 4*n, 6*q - k*n = 4*q - 14. Let o(m) = -9*m - 1. Calculate o(q).
8
Let v(y) be the third derivative of -2*y**5/15 - y**4/12 + y**3/3 + 46*y**2. Determine v(-2).
-26
Suppose 4*t - 18 = -b, -4*b = -4*t - 3*b + 22. Suppose 0*r = -t*r. Let h(x) = -x + 4*x + 2*x - 6*x + 6. Determine h(r).
6
Suppose 3*d + 5*k + 2 + 5 = 0, 8 = -4*k. Suppose z = 3 + d. Let t(q) be the third derivative of q**5/60 - q**4/4 + 2*q**3/3 + q**2. Calculate t(z).
-4
Let y(u) = -5*u + 3*u**2 + 0*u**3 + u**3 + 0*u**2 + 2. Let x = -31 - -45. Suppose -3*l = c + x, 5*l - 4*c + c + 14 = 0. Calculate y(l).
6
Let z(o) = -3*o + 1. Let v(n) = -2*n - 3. Let m(g) = 2*g + 4. Let w(k) = 3*m(k) + 4*v(k). Let b(f) = 4*w(f) - 3*z(f). Determine b(5).
2
Let q(r) be the first derivative of r**2/2 + 1. Let t(o) = -2*o**2 + 5*o - 1. Let g(l) = -4*q(l) + t(l). Let m be 0 + (5 - (5 + 2)). Determine g(m).
-11
Let v(w) be the first derivative of -w**3/3 - 3*w**2/2 - w + 1. Suppose -12 = 9*o + 6. Determine v(o).
1
Let g(c) = -c**3 + 6*c**2 - 1. Let h(b) = 2*b**3 - 12*b**2 - b + 2. Let s be 11 - (0 + 4/1). Let x(w) = s*g(w) + 3*h(w). Calculate x(5).
9
Let y(v) = 3. Let b(i) = -i - 2. Let x(d) = -3*b(d) - 2*y(d). What is x(-1)?
-3
Let a = 3 - 0. Let y(w) = w - 9. Let n be y(11). Let k(l) = 5*l - 2 + 5*l**2 - l**a + n*l - 5*l. Calculate k(5).
8
Suppose -4*x + 15 = x - 5*m, -5*x = m - 45. Suppose 0 = -2*z - 3*a + 1 - x, -z - 5*a - 21 = 0. Let g(b) = 6*b + 0 - 1 + z + b**2. Calculate g(-2).
-5
Let g(c) = -c**2 + c + 3. Let b = 3 + -1. Let y be -4 + 1 - (-6)/b. Calculate g(y).
3
Let y(p) = p**2 - 2*p + 1. Let w(n) = -2*n - 14. Suppose -2*z + 4*z = -20. Let q be w(z). Suppose q = -4*c + 14. Give y(c).
1
Let d = 13 + -11. Suppose 5*v - 13 = d. Let y(s) = -s**3 + s**2 - s + 1. Let t(l) = l**3 + l**2 - 2*l + 2. Let g(p) = t(p) + 2*y(p). Determine g(v).
-8
Let l be 4*(-6)/16*2. Let w(p) = p**2 + 3*p - 1. Let t(h) = 3*h**2 + 8*h - 3. Let q = 7 - 10. Let i(j) = q*t(j) + 8*w(j). What is i(l)?
-8
Let q(k) = 15*k**2 - 1 + 0 + k**3 + 11*k**3 - 13*k**2. Calculate q(1).
13
Suppose 1 = 5*d - 4*n + n, 0 = -n - 2. Let p(v) be the first derivative of -v**4/2 + v**2/2 + 28. What is p(d)?
1
Let l(x) = x**2 - 2*x + 4. Suppose 2*h + 2*h - 22 = -k, -k - 14 = -2*h. Suppose 0 = -a + 2*d + 2, -2*d + h = 2*a - a. Give l(a).
12
Suppose 5*i - 16 = 3*i + 3*r, 4*i + 2*r = 0. Let y(o) be the third derivative of -o**6/120 + o**5/30 - o**3/6 + 9*o**2. What is y(i)?
-1
Let q(p) = -4*p - 4*p**2 - 4*p**3 - 2*p + 2*p + 5*p**3. Determine q(5).
5
Let i(f) = 4*f**3 + 1. Let d(o) = o**3 - o**2 + 24. Let y be d(0). Let n be y/16*4/(-6). What is i(n)?
-3
Let z(q) = -4*q + 2. Let t(d) = -4*d. Let p be t(-1). What is z(p)?
-14
Let r(t) be the first derivative of 1/120*t**5 + 0*t**2 - 1 - 1/12*t**4 + 0*t + 2/3*t**3. Let c(y) be the third derivative of r(y). What is c(2)?
0
Let n be 8/20 + 112/20. Let j(i) = i**2 - 5*i. Give j(n).
6
Let t be (-1 + 5 - 5)*1. Let u(n) = -3*n**2 + 2*n + 1. Give u(t).
-4
Suppose 6*j - 5*j + 9 = 0. Let m be (-6)/4*(-6)/j. Let f(v) = 11*v**3 + v**2 - v - 1. What is f(m)?
-10
Let s be (-2)/(-9) - 133/(-9). Let o be 4/(-6) - s/(-9). Let a(r) be the second derivative of r**3/2 - r**2/2 + 4*r. Give a(o).
2
Let v(o) = -o**2 - 8*o + 8. Suppose 8*r = 6 - 78. Give v(r).
-1
Let k = -5 + -23. Suppose -3*b = -5*g + 92, 3*g - 5*b - 5 = 63. Let x be k/g - (-1)/(-4). Let f(j) = -4*j - 1. Give f(x).
7
Let d(p) = -5*p**3 - 6*p**2 + 3*p - 3. Let m(s) = -9*s**3 - 11*s**2 + 5*s - 6. Suppose -4*z = -z + 18. Let c(u) = z*m(u) + 11*d(u). Calculate c(-2).
5
Let u be 3/(-6)*-3*24. Suppose 9 = 3*o, 5*d - o = -3*o + u. Let j be d - ((-4)/(-2) - 1). Let z(s) = s**3 - 4*s**2 - 4*s - 7. What is z(j)?
-2
Suppose 3*l + l = 5*m + 12, 5*m + 28 = -4*l. Let h(u) = -2*u - 2. What is h(m)?
6
Let g(r) = r - 6. Suppose q - 36 = 5*p, -2*p - 2*p - 9 = q. Let d(s) = -2*s + 12. Let z(a) = q*g(a) + 6*d(a). Give z(6).
0
Let v(w) = -35*w**3 + 6*w**2 + 16*w. Let q(m) = 7*m**3 - m**2 - 3*m. Let i(c) = 11*q(c) + 2*v(c). What is i(1)?
7
Let z(f) be the third derivative of -f**5/60 - f**4/4 - 2*f**3/3 + 5*f**2. Let t(r) be the first derivative of z(r). Let j = 1 + -6. Give t(j).
4
Let z(v) = -v - 2. Let k(s) = -s**3 + 4*s**2 - 4*s + 1. Let g be k(3). Let h be 4/((1 + g)*-2). Calculate z(h).
-4
Let z(k) = -k**3 - 7*k**2 + 7*k - 5. Let y be z(-8). Let a(w) = y*w - 3 - 5*w + 3*w. Calculate a(3).
0
Let v(h) = 3*h**2 + 34*h + 28. Let b(m) = -2*m**2 - 23*m - 19. Let d(s) = -7*b(s) - 5*v(s). Determine d(-8).
1
Let c be 1 - 2/((-3)/3). Let l(h) be the first derivative of 2 - h - 4 - h**c + 0*h**3. Determine l(-1).
-4
Let m(i) = 6*i**2 - 3*i - 4. Let a(v) = -11*v**2 + 5*v + 7. Let q(p) = -3*a(p) - 5*m(p). Give q(-1).
2
Let v(w) = -w**2 - 3*w + 1. Let a(g) = 2*g - 3. Suppose 5*l + 2 + 13 = 0. Let z be a(l). Let t(m) = -m**2 - 7*m + 13. Let x be t(z). Calculate v(x).
-9
Let q(s) = -s**2 + 3*s + 4. Let k = 12 - 9. Calculate q(k).
4
Let z(t) = -1 - 5*t + 6*t + 2. Let x(q) = q**2 - 4*q + 2. Let b(p) = -x(p) - 3*z(p). What is b(0)?
-5
Let q = -4 + 8. Let u be -6*(-2 - -3)/(-3). Let t(b) = u + b**2 + 2*b - q + 0*b. What is t(-4)?
6
Let n be -3 + 0/6 - (1 - 4). Let q(a) = -a**3 + a**2 - a - 16. What is q(n)?
-16
Let u(t) = 10*t**2 - 2 + 4*t - 7*t + 3 - 11*t**2. Calculate u(-5).
-9
Let h(u) = u**2 - u - 2. Let l(m) = 2*m + 4. Suppose 0 = -4*k - v + 4*v, 4*k = v - 8. Let r be l(k). Determine h(r).
4
Suppose 4*m - 4 = 4. Let y(p) = 0*p + 4*p**m - 3*p**2 - 2*p**2 + 3*p. What is y(4)?
-4
Let q(v) = -161*v**2 + 164*v**2 - v**3 + 3*v + 7*v. Determine q(5).
0
Suppose 3*q - 22 = -h + 4, 2*h + 4*q - 46 = 0. Let a = h + -13. Let s(l) = l**3 - 3*l**2 - 3*l - 4. What is s(a)?
0
Let b = 24 + -19. Let o(p) be the first derivative of p**4/4 - 4*p**3/3 - 7*p**2/2 + 7*p - 6. Calculate o(b).
-3
Let h(c) = -c + 6. Let n be h(10). Let z(g) = -3*g**3 - 9*g**2 + 2*g - 9. Let m(w) = -4*w**3 - 10*w**2 + 2*w - 10. Let t(r) = n*m(r) + 5*z(r). Give t(5).
5
Let c(h) = h**3 - 4*h**2 + h - 5. Let p be c(4). Let a(q) = 3 - 3 + 3*q**2. Calculate a(p).
3
Let d(o) = 5*o - 2. Suppose -2*n = -27 + 23. Determine d(n).
8
Let i(w) = w**3 - 3*w**2 - 6*w - 7. Let v = -1 - -1. Suppose v*s = -s + 5. Give i(s).
13
Let v(i) = i - 3. Let y = 107 - 107. Determine v(y).
-3
Let i(y) = -2*y - 3 + 5*y - 7 - 2*y. Let v be i(6). Let t(u) = -u**2 - 5*u - 5. What is t(v)?
-1
Let o(x) be the third derivative of -x**4/24 - x**3 + x**2. Let u be (-2 + 0)*1/2. Let n be u - (5 + (-2 - -1)). Calculate o(n).
-1
Let l(h) be the third derivative of -h**6/120 + h**4/24 + h**3/6 + h**2. Suppose 1 = -4*c + 5*v + 16, 5*c = v + 3. Calculate l(c).
1
Let s be (4 + -3)/(1/3). Let m(l) = -l**2 + 3*l + 4. Determine m(s).
4
Let d = -4 - -5. Let f(g) = 5*g. Let j be f(d). Suppose 0 = l, 0*q + j*l - 3 = 3*q. Let i(x) = 6*x - 1. What is i(q)?
-7
Let k(n) = n**2 + 1. Let p(z) = -1. Let i(v) = k(v) + 4*p(v). Let q be 3/(-4)*(-2 - -6). What is i(q)?
6
Let h(i) be the first derivative of i**5/60 + 7*i**4/24 + 2*i**2 + 1. Let d(n) be the second derivative of h(n). Give d(-6).
-6
Let g(f) = 7*f**3 - f**2. Let x be (-12 + 13)/((1 - 0)*1). Give g(x).
6
Let m(u) = -u**3 + 4*u**2 + 2*u - 6. Let z = -15 + 17. Let v = z - -2. Calculate m(v).
2
Let g(l) = -l**2 + 5*l - 7. Let k(x) = -x**2 + 4*x + 5. Let o be k(4). Calculate g(o).
-7
Let x be 3 - (-2 - -1 - -2). Let h(m) = -m**2 + 3*m - m + x*m. Determine h(5).
-5
Let q(a) = -9*a**2 - 9*a - 7. Let d(o) = -5*o**2 - 5*o - 4. Let u(n) = 7*d(n) - 4*q(n). Give u(-2).
2
Let u(v) = -v**2 - 4*v + 8. Suppose -3*s + 24 = -s. Let j(k) = -k + 6. Let p be j(s). Determine u(p).
-4
Let f(g) be the third derivative of -g**6/120 + g**5/15 + g**4/12 